
2, 17, 3209
List the prime factors of 318484.
2, 79621
List the prime factors of 8732426.
2, 41, 109, 977
List the prime factors of 814424.
2, 13, 41, 191
What are the prime factors of 4766223?
3, 7, 11, 47, 439
List the prime factors of 384466.
2, 192233
What are the prime factors of 1048937?
73, 14369
What are the prime factors of 6601582?
2, 13, 253907
What are the prime factors of 979373?
979373
List the prime factors of 153683.
313, 491
What are the prime factors of 2073437?
59, 113, 311
List the prime factors of 615916.
2, 7, 21997
List the prime factors of 65645.
5, 19, 691
List the prime factors of 678200.
2, 5, 3391
What are the prime factors of 113461?
83, 1367
List the prime factors of 329524.
2, 13, 6337
List the prime factors of 20089891.
31, 648061
What are the prime factors of 824105?
5, 164821
List the prime factors of 3286897.
953, 3449
What are the prime factors of 142766?
2, 13, 17, 19
What are the prime factors of 3857247?
3, 19, 73, 103
What are the prime factors of 8230699?
109, 75511
What are the prime factors of 1794633?
3, 53, 11287
What are the prime factors of 187356?
2, 3, 13, 1201
What are the prime factors of 8601909?
3, 2867303
What are the prime factors of 14508245?
5, 2901649
List the prime factors of 1054922.
2, 11, 47951
List the prime factors of 261513.
3, 7, 593
List the prime factors of 5051365.
5, 11, 29, 3167
List the prime factors of 8431197.
3, 2810399
What are the prime factors of 215240?
2, 5, 5381
What are the prime factors of 331834?
2, 83, 1999
List the prime factors of 1177585.
5, 47, 5011
List the prime factors of 226490.
2, 5, 11, 29, 71
What are the prime factors of 3757976?
2, 469747
What are the prime factors of 10500192?
2, 3, 4051
List the prime factors of 514919.
19, 41, 661
What are the prime factors of 12278035?
5, 7, 11, 31891
List the prime factors of 63306.
2, 3, 3517
What are the prime factors of 9360941?
9360941
List the prime factors of 6241610.
2, 5, 59, 71, 149
What are the prime factors of 15711254?
2, 13, 23, 43, 47
List the prime factors of 400711.
400711
List the prime factors of 30829.
30829
What are the prime factors of 52303?
193, 271
What are the prime factors of 7873071?
3, 2624357
List the prime factors of 18510.
2, 3, 5, 617
List the prime factors of 11218705.
5, 2243741
List the prime factors of 105212.
2, 29, 907
What are the prime factors of 12775090?
2, 5, 79, 103, 157
List the prime factors of 226644.
2, 3, 11, 17, 101
List the prime factors of 349944.
2, 3, 7, 2083
List the prime factors of 42399568.
2, 31, 73, 1171
List the prime factors of 1585623.
3, 13, 109, 373
List the prime factors of 14882.
2, 7, 1063
What are the prime factors of 20260883?
359, 56437
List the prime factors of 257253.
3, 85751
List the prime factors of 1517299.
7, 216757
List the prime factors of 123738.
2, 3, 41, 503
List the prime factors of 15268204.
2, 7, 77899
List the prime factors of 70189.
7, 37, 271
List the prime factors of 269846.
2, 134923
List the prime factors of 553554.
2, 3, 17, 67
What are the prime factors of 1562644?
2, 241, 1621
What are the prime factors of 826515?
3, 5, 18367
List the prime factors of 8757985.
5, 53, 33049
What are the prime factors of 158198?
2, 83, 953
What are the prime factors of 5933791?
5933791
List the prime factors of 12133960.
2, 5, 439, 691
What are the prime factors of 3862245?
3, 5, 37, 6959
What are the prime factors of 1008094?
2, 504047
List the prime factors of 2594586.
2, 3, 131, 3301
What are the prime factors of 1337154?
2, 3, 7, 13, 31, 79
List the prime factors of 1578402.
2, 3, 7, 12527
List the prime factors of 2152866.
2, 3, 358811
List the prime factors of 628246.
2, 31, 10133
What are the prime factors of 257787?
3, 28643
List the prime factors of 11845233.
3, 577, 2281
List the prime factors of 8722097.
8722097
What are the prime factors of 914574?
2, 3, 152429
What are the prime factors of 1054465?
5, 31, 6803
What are the prime factors of 220607?
167, 1321
What are the prime factors of 68238?
2, 3, 17, 223
What are the prime factors of 204397?
204397
List the prime factors of 7033662.
2, 3, 130253
List the prime factors of 167640.
2, 3, 5, 11, 127
List the prime factors of 2098169.
2098169
What are the prime factors of 127729?
7, 71, 257
List the prime factors of 165899.
23, 7213
What are the prime factors of 4741971?
3, 13, 47, 199
What are the prime factors of 2923267?
727, 4021
List the prime factors of 57299.
11, 5209
List the prime factors of 383917.
383917
List the prime factors of 5377415.
5, 31, 34693
List the prime factors of 5391526.
2, 7, 385109
List the prime factors of 112939.
112939
List the prime factors of 6076336.
2, 7, 227, 239
List the prime factors of 4766743.
107, 44549
What are the prime factors of 19089356?
2, 11, 13, 23, 1451
What are the prime factors of 2100203?
7, 19, 15791
What are the prime factors of 10858696?
2, 1357337
What are the prime factors of 7580337?
3, 31, 81509
List the prime factors of 29486563.
29486563
What are the prime factors of 5824597?
73, 1093
List the prime factors of 90871.
11, 751
List the prime factors of 13842401.
67, 206603
List the prime factors of 3052702.
2, 1526351
List the prime factors of 2395960.
2, 5, 7, 43, 199
List the prime factors of 699185.
5, 139837
List the prime factors of 105739.
41, 2579
What are the prime factors of 1017307?
1017307
What are the prime factors of 2292402?
2, 3, 7, 54581
List the prime factors of 8377811.
13, 644447
List the prime factors of 287140.
2, 5, 7, 293
What are the prime factors of 882529?
882529
List the prime factors of 7367584.
2, 7, 31, 1061
List the prime factors of 3351943.
7, 67, 1021
What are the prime factors of 33697?
31, 1087
List the prime factors of 218153.
13, 97, 173
What are the prime factors of 271159?
7, 38737
What are the prime factors of 3054047?
3054047
What are the prime factors of 7859833?
31, 253543
List the prime factors of 2026249.
2026249
What are the prime factors of 157409?
7, 113, 199
What are the prime factors of 145687?
145687
List the prime factors of 607929.
3, 7, 28949
List the prime factors of 3518475.
3, 5, 43, 1091
List the prime factors of 16004448.
2, 3, 61, 911
List the prime factors of 294926.
2, 239, 617
What are the prime factors of 21226945?
5, 89, 47701
What are the prime factors of 3716283?
3, 1238761
What are the prime factors of 456159?
3, 11, 23, 601
What are the prime factors of 784249?
784249
What are the prime factors of 11886082?
2, 13, 31, 14747
List the prime factors of 3819891.
3, 739, 1723
What are the prime factors of 377283?
3, 19, 6619
List the prime factors of 1685493.
3, 187277
What are the prime factors of 33299994?
2, 3, 7, 13, 71, 859
List the prime factors of 6596117.
11, 223, 2689
List the prime factors of 62855.
5, 13, 967
List the prime factors of 227320.
2, 5, 5683
List the prime factors of 96373.
17, 5669
What are the prime factors of 181218?
2, 3, 30203
What are the prime factors of 145915?
5, 7, 11, 379
List the prime factors of 3435664.
2, 214729
List the prime factors of 1757408.
2, 54919
List the prime factors of 1975546.
2, 61, 16193
List the prime factors of 1614372.
2, 3, 29, 4639
What are the prime factors of 533623?
23, 23201
List the prime factors of 872653.
677, 1289
What are the prime factors of 7716599?
11, 701509
What are the prime factors of 12231429?
3, 7, 83207
What are the prime factors of 12290813?
17, 131, 5519
List the prime factors of 479130.
2, 3, 5, 15971
List the prime factors of 4317514.
2, 23, 47, 1997
List the prime factors of 630167.
630167
What are the prime factors of 813233?
181, 4493
What are the prime factors of 61843?
61843
What are the prime factors of 932480?
2, 5, 31, 47
List the prime factors of 3553962.
2, 3, 41, 14447
What are the prime factors of 83321?
7, 11903
What are the prime factors of 16572907?
13, 61, 20899
List the prime factors of 1245815.
5, 193, 1291
What are the prime factors of 287291?
287291
What are the prime factors of 499374?
2, 3, 27743
What are the prime factors of 7385109?
3, 2461703
List the prime factors of 356784.
2, 3, 7433
What are the prime factors of 1273785?
3, 5, 84919
List the prime factors of 422820.
2, 3, 5, 29
List the prime factors of 1360671.
3, 13, 139, 251
What are t